mber?
True
Let z(m) = 506*m - 6. Let b be z(1). Suppose -4*i + b = -504. Is i a prime number?
True
Suppose 4*i - 29548 = 5*f, -6*i + 22161 = -3*i - 4*f. Is i a prime number?
False
Suppose -3*t - 2*t - 3*f + 27160 = 0, 0 = -3*t - 4*f + 16285. Is t prime?
False
Suppose 15590 = 2*k + 5*x, 0 = 5*x - 4*x. Is k prime?
False
Suppose 2*g - 11586 - 4400 = 0. Is g a composite number?
False
Suppose 0 = -4*d + u + 963815, -18 = 5*u - 3. Is d a prime number?
True
Let t be 255/12 - 2/8. Let m(u) = 7 - t + u + 3*u. Is m(10) composite?
True
Let r be -2 + 0 + 0 - -4. Suppose f = -3*f + 2*q + 12554, 5*q - 6283 = -2*f. Suppose 6 = -y + r, -3*k - 2*y + f = 0. Is k a prime number?
True
Suppose 5*f + 590 = 3*p, 2*f = -2*p + 256 + 132. Suppose 4*u + p = u. Let y = -43 - u. Is y a prime number?
False
Let n be ((-26)/8)/((-7)/56). Let y be n/(-5)*30/(-6). Is y/143 - (-17411)/11 prime?
True
Let i(v) = 13*v**2 + 10*v - 10. Let g be i(-9). Let h = g + -654. Is h composite?
True
Suppose 4*u + 2047 = 3*w, 2991 + 411 = 5*w + 3*u. Suppose 306 = 7*p - w. Is p composite?
True
Let l(x) = -x**3 + 5*x**2 - 9*x - 4. Let v be l(4). Is (-2815)/(-4) - v/(-32) a prime number?
False
Suppose -2*f - 17688 = -8*f. Suppose -7*s = -3*s - f. Is s prime?
False
Suppose -348 = -0*x + 3*x. Let y = x + 214. Suppose 3*q - 377 = 5*u, 4*u + y + 156 = 2*q. Is q a composite number?
True
Let m = 23327 + -15420. Is m a composite number?
False
Suppose 374109 = 43*c - 2183746. Is c prime?
False
Let g be 7 + (3 - (8 + -2)). Suppose q - 2*q + 118 = 5*l, g*q = -5*l + 127. Is l composite?
False
Let d(t) = 45*t**2 - 2*t + 1. Let f be (-44)/(-12) - (-4)/(-6). Suppose 2*i + 2*q - 6 = -i, 8 = 4*i - f*q. Is d(i) composite?
True
Suppose 5*a - 3*j = 160, -a + 5 = 2*j - 14. Let y = a - -1. Is 27079/195 - (-4)/y prime?
True
Suppose 1121 = 5*n - 14744. Suppose 4*f - 5*t = 4685, 4*t + 2681 + n = 5*f. Suppose z + 394 = 2*z + p, -3*z + p = -f. Is z a composite number?
True
Let i = -221 + 622. Suppose -i + 70 = -n. Is n a composite number?
False
Let i = 15769 - 9956. Is i prime?
True
Let g be (-3 + (-21)/(-9))*-3. Suppose t + 166 - 555 = -u, 3*u + 788 = g*t. Is t a prime number?
False
Let u(v) = -2*v + 6 - 2 + 1. Let r be u(3). Is 80 + r*4/4 composite?
False
Let h(r) = r**2 - 23*r + 79. Is h(-14) a composite number?
True
Let l = -72 - -83. Let j(p) = 10*p**2 + 2*p + 30. Is j(l) a prime number?
False
Let w(y) = -y**3 + 8*y**2 + 2*y - 18. Suppose -5*z - 4 + 21 = 4*f, 2*f + 2*z = 10. Let x be w(f). Is x/(-8) + 614/8 a prime number?
False
Suppose 0 = 2*m + 6, -2*m = -5*z + m + 4429. Let s(w) = -w**3 + w**2 - 405. Let r be s(0). Let l = r + z. Is l a prime number?
True
Let v(n) = 135*n + 80. Is v(13) a composite number?
True
Let w be ((-5)/(-2))/((-17)/(-34)). Suppose 0 = 4*l - 8, -l + 1414 = w*f - 353. Is f prime?
True
Let z = -2142 - -3427. Is z prime?
False
Suppose -4*i = -1 - 15. Suppose -26 = -9*h + 22*h. Is i/h - (-60 + 0) composite?
True
Let c be (-28 - 2)*60/18. Let o = 11 + c. Is 3/(-3)*1*o a prime number?
True
Let j = 2667 + -218. Is j composite?
True
Let w(t) = 680*t**2 - 9*t - 106. Is w(-7) composite?
True
Let t(b) = -b**2 + 3*b + 911. Let d be 1/(-4)*-4*0. Is t(d) a prime number?
True
Let k(h) be the second derivative of -h**5/20 + h**4/6 - 5*h**3/6 + 3*h**2/2 + 10*h. Let s be k(-5). Suppose s = 2*x - x. Is x a composite number?
True
Let g(p) be the first derivative of -p**6/120 - p**5/15 - p**3/2 - p**2 + 1. Let y(k) be the second derivative of g(k). Is y(-5) prime?
False
Let x be 2 + -11 + (-1 - -3). Is x + 5 + (-3 - -18) a composite number?
False
Let y = 504 + -197. Is y prime?
True
Is 116811/21 - 5 - 3/7 prime?
True
Let i be (5 - 339)*(-1 - 1). Suppose -1072 = -4*g - 4*o, -2*o = -4*g + i + 374. Is g prime?
True
Let o = -16 + 18. Suppose o*t + 2*i = i + 7982, 3*t - 11959 = 2*i. Is t a composite number?
False
Let b be (-3)/(-3) + 11*-1. Let o(s) = 2*s**2 + 5*s + 3. Let w(v) = -2*v**2 - 4*v - 3. Let a(p) = -5*o(p) - 6*w(p). Is a(b) a prime number?
False
Suppose -2*h + 35*a - 32*a = -206097, 0 = 4*h + 4*a - 412224. Is h a composite number?
True
Is (-11)/77 - (16031/(-7) - 3) a prime number?
True
Let w(h) = 136*h + 18. Let b be w(3). Suppose -b = -2*a + 4*t, -3*a + 2*t = -324 - 299. Is a a composite number?
True
Suppose 36337 + 443 = 12*z. Is z a prime number?
False
Let y(b) = -3*b - 15. Let k be y(-5). Suppose k = 7*o - 5*o - 6. Suppose 0 = 3*h + 3*a - 2679, 1758 = -o*h + 5*h - 5*a. Is h prime?
False
Let g(k) = -k**3 + 7*k**2 - 6*k - 5. Suppose 2*j + 5 = -5, 0 = y + 4*j + 14. Let z be g(y). Is (-4)/((-20)/(-113))*z a composite number?
False
Let s(p) = 6*p**2 + 114*p + 169. Is s(-36) prime?
False
Suppose -6*m + 4*m = 0. Suppose -5*g + 4*x - 34 = m, g - 3*x = -4*g - 38. Is (-5)/g - 889/(-2) composite?
True
Let i = 839 + 2580. Is i prime?
False
Let f(y) = y - 1. Let c be f(3). Suppose 5*g + 12 = c. Is (g/(-4))/((-3)/(-942)) a composite number?
False
Let w(u) = 248*u - 18. Let v be w(5). Let m = 1 + 4. Suppose -m*o = v - 2877. Is o a composite number?
False
Let y(n) = -n**3 + 3*n**2 - 6*n - 10. Is y(-3) a prime number?
False
Let h(i) = 48*i + 133*i + 19*i - 3. Is h(2) a composite number?
False
Let d = 3462 - -16823. Is d a prime number?
False
Let a = -21 - -24. Is (-3205)/(-10) + a/(-2) a composite number?
True
Let o(i) = i**3 + i**2 + i + 8. Let d be o(0). Let x(k) = 2*k**3 - 12*k**2 + 7*k - 1. Let u be x(d). Suppose 1037 = 4*z - u. Is z prime?
True
Suppose 18 = 33*g - 24*g. Is g - 438*1/(-4 - -2) prime?
False
Suppose -2 = -2*a, g - 5*a = -0*g - 10. Let p(r) = -r**2 - 4*r + 7. Let m be p(g). Suppose 4*k - k = -9, -3*z + m*k = -453. Is z a composite number?
False
Let w(y) = -2*y - 26. Let u(t) = -t - 9. Let f(v) = -8*u(v) + 3*w(v). Let o be f(6). Is o/4 - 2284/(-8) a prime number?
False
Let p = -8350 + 16817. Is p composite?
False
Suppose 63*l - 59*l + 492 = 0. Let y = -84 - l. Is y a prime number?
False
Suppose -11 = -u + 13*l - 10*l, 2*l = u - 14. Suppose -u*p + 2667 = -17*p. Is p composite?
True
Let i(b) = 2*b**3 - 21*b**2 - 17*b + 29. Is i(21) composite?
False
Let n = 7 + -5. Suppose -4*q - 3 = -5*p, 0 = -n*p + 5*q - 1 - 8. Suppose -174 = -p*k - 0*k. Is k a prime number?
False
Let u be 8 - 1 - (0 - -4). Suppose -415 = -f - 2*b, 5*b + 1113 = u*f - 88. Is f composite?
True
Suppose 20 = -11*i + 16*i. Is i/(-2) - 0 - -483 a prime number?
False
Let u be (-4 + 2)*(-27)/(-2). Let p = u + 3. Let m = 29 - p. Is m a composite number?
False
Let z = 19 - 15. Is 2 + -4 - (-133 - z)*5 a prime number?
True
Suppose 1468 - 333 = -5*g. Let d = g + 874. Is d a prime number?
True
Suppose 12*q = 158536 + 39380. Is q prime?
True
Suppose 139*m - 145*m + 17946 = 0. Is m composite?
True
Let v(t) be the first derivative of t**4/2 - 9*t - 19. Is v(7) prime?
True
Suppose b + 3*k - 2924 = 0, -4*k = 11*b - 15*b + 11680. Is b a composite number?
True
Let d(g) = g**2 - 15*g - 11. Is d(-6) composite?
True
Let p be (-2979)/6*8/(-12). Is (-3 - -2)/(-1*1/p) composite?
False
Let q = -2 - -1. Let n be (-3)/((-12)/44) + q. Let u = n - -11. Is u a composite number?
True
Let x be (2740/(-30))/(2/(-3)). Suppose -x - 117 = -2*h. Let z = -74 + h. Is z prime?
True
Let b be (-7)/21 - (-1)/3. Let x(h) = h**3 + h - 5. Let r be x(b). Is (r/(-2))/((-2)/(-1076)) prime?
False
Is (471294/10)/9*-1*-5 a composite number?
False
Let r be 3*((-18004)/(-12) - 0). Suppose 8*u - u - r = 0. Let j = 1112 - u. Is j composite?
True
Let z(p) = 142*p + 225. Is z(43) composite?
True
Let j(a) = a**3 + 18*a**2 + a + 23. Let h be j(-18). Suppose -h*w - 957 + 4797 = -v, 3*w - 2306 = v. Is w a prime number?
False
Suppose 4*p - 60 = -0*p. Suppose -x = 4*x - p. Suppose -x*u + 53 = -40. Is u composite?
False
Suppose -6 - 54 = 2*w. Let j = w - 707. Let b = 1044 + j. Is b composite?
False
Suppose 5*q = 8*q - 12, -w - 2*q = -7077. Is w a composite number?
False
Let u be 0*(3/9)/(-1). Suppose 8*c = -u*c + 4696. Is c prime?
True
Let i = -38 - -44. Let h(v) = 6*v**3 + v + 4. Let u(g) = 5*g**3 - g**2 + 3. Let s(f) = -4*h(f) + 5*u(f). Is s(i) a composite number?
False
Suppose d - q - 5958 = 0, d - 3*q + 7*q = 5968. Suppose -4*c - u + 856 + 3909 = 0, -5*c + d = 5*u. Is c a prime number?
False
Let h(r) be the first derivative of 344*r**2 + 6*r - 36. Is h(2) prime?
False
Suppose 5*o = -3*i + 446